e prime factors of 258282?
2, 3, 4783
What are the prime factors of 29277802?
2, 14638901
What are the prime factors of 313535?
5, 73, 859
What are the prime factors of 211577?
23, 9199
List the prime factors of 171065.
5, 34213
List the prime factors of 1051203.
3, 59, 5939
What are the prime factors of 13957339?
11, 1268849
List the prime factors of 1276815.
3, 5, 85121
What are the prime factors of 1784635?
5, 356927
What are the prime factors of 49464?
2, 3, 229
What are the prime factors of 305707?
347, 881
List the prime factors of 109169.
109169
List the prime factors of 1572697.
7, 199, 1129
List the prime factors of 976525.
5, 11, 53, 67
List the prime factors of 249541.
249541
List the prime factors of 385651.
7, 37, 1489
What are the prime factors of 16539064?
2, 2067383
What are the prime factors of 12252394?
2, 7, 11, 79561
List the prime factors of 487958.
2, 19, 12841
What are the prime factors of 634020?
2, 3, 5, 10567
What are the prime factors of 1520847?
3, 29, 5827
List the prime factors of 5888135.
5, 11, 107057
List the prime factors of 17753506.
2, 241, 36833
What are the prime factors of 4334245?
5, 866849
What are the prime factors of 118221?
3, 157, 251
What are the prime factors of 1290722?
2, 227, 2843
List the prime factors of 168188.
2, 19, 2213
List the prime factors of 826373.
353, 2341
What are the prime factors of 144130?
2, 5, 7, 29, 71
What are the prime factors of 2589214?
2, 103, 12569
List the prime factors of 644195.
5, 19, 6781
What are the prime factors of 250840?
2, 5, 6271
List the prime factors of 477693.
3, 53077
List the prime factors of 7404495.
3, 5, 7, 97, 727
What are the prime factors of 10979163?
3, 13, 107, 877
What are the prime factors of 171682?
2, 7, 12263
What are the prime factors of 35828681?
7, 167, 30649
What are the prime factors of 817274?
2, 408637
List the prime factors of 4083645.
3, 5, 61, 4463
List the prime factors of 345954.
2, 3, 7, 8237
What are the prime factors of 1619764?
2, 404941
List the prime factors of 2443306.
2, 1221653
What are the prime factors of 349282?
2, 17, 10273
What are the prime factors of 2219446?
2, 1109723
List the prime factors of 18488862.
2, 3, 7, 19, 7723
What are the prime factors of 19948149?
3, 13, 170497
What are the prime factors of 375419?
11, 34129
List the prime factors of 1129215.
3, 5, 83, 907
List the prime factors of 446738.
2, 37, 6037
What are the prime factors of 545156?
2, 17, 8017
What are the prime factors of 449264?
2, 43, 653
What are the prime factors of 1559427?
3, 17, 30577
List the prime factors of 36391480.
2, 5, 909787
List the prime factors of 462024.
2, 3, 23, 31
List the prime factors of 67564.
2, 7, 19, 127
List the prime factors of 27207903.
3, 73, 283, 439
What are the prime factors of 20234602?
2, 10117301
What are the prime factors of 4479373?
41, 109253
What are the prime factors of 4083655?
5, 17, 107, 449
What are the prime factors of 11098686?
2, 3, 709, 2609
List the prime factors of 386053.
17, 22709
What are the prime factors of 3499873?
13, 269221
List the prime factors of 576231.
3, 241, 797
What are the prime factors of 6858510?
2, 3, 5, 228617
What are the prime factors of 389339?
139, 2801
List the prime factors of 701448.
2, 3, 11, 2657
List the prime factors of 19312046.
2, 13, 359, 2069
What are the prime factors of 155101?
43, 3607
List the prime factors of 271131.
3, 7, 12911
List the prime factors of 428065.
5, 11, 43, 181
List the prime factors of 948398.
2, 11, 3919
What are the prime factors of 1308588?
2, 3, 109049
List the prime factors of 1260742.
2, 7, 90053
What are the prime factors of 1472161?
23, 64007
What are the prime factors of 3769?
3769
What are the prime factors of 3016156?
2, 11, 13, 5273
What are the prime factors of 12515670?
2, 3, 5, 59, 2357
What are the prime factors of 143932?
2, 35983
What are the prime factors of 818959?
818959
What are the prime factors of 17288819?
17288819
List the prime factors of 267405.
3, 5, 17827
What are the prime factors of 6931639?
11, 13, 48473
List the prime factors of 85122.
2, 3, 4729
What are the prime factors of 2420134?
2, 1210067
What are the prime factors of 463400?
2, 5, 7, 331
What are the prime factors of 171178?
2, 7, 12227
List the prime factors of 1092911.
1092911
What are the prime factors of 48515?
5, 31, 313
What are the prime factors of 3339155?
5, 19, 35149
What are the prime factors of 2487320?
2, 5, 11, 5653
What are the prime factors of 282239?
282239
List the prime factors of 12498726.
2, 3, 2083121
What are the prime factors of 7162688?
2, 13, 8609
List the prime factors of 2709550.
2, 5, 47, 1153
What are the prime factors of 888815?
5, 177763
What are the prime factors of 27104844?
2, 3, 13, 293, 593
List the prime factors of 353812.
2, 197, 449
What are the prime factors of 195602?
2, 11, 17, 523
List the prime factors of 1377257.
7, 196751
List the prime factors of 2763539.
89, 31051
List the prime factors of 1203650.
2, 5, 7, 19, 181
List the prime factors of 4691682.
2, 3, 28961
What are the prime factors of 251929?
191, 1319
List the prime factors of 4960553.
13, 37, 10313
List the prime factors of 6402945.
3, 5, 426863
What are the prime factors of 353909?
547, 647
List the prime factors of 505819.
505819
What are the prime factors of 3733004?
2, 11, 37, 2293
List the prime factors of 15253351.
109, 139939
List the prime factors of 6104562.
2, 3, 461, 2207
List the prime factors of 1195124.
2, 7, 42683
What are the prime factors of 176208?
2, 3, 3671
List the prime factors of 10467836.
2, 2616959
List the prime factors of 305742.
2, 3, 50957
List the prime factors of 1164844.
2, 127, 2293
List the prime factors of 249299.
19, 13121
What are the prime factors of 4161798?
2, 3, 19, 43, 283
List the prime factors of 656614.
2, 7, 46901
What are the prime factors of 612861?
3, 281, 727
List the prime factors of 474587.
193, 2459
What are the prime factors of 8679100?
2, 5, 229, 379
List the prime factors of 12927485.
5, 347, 7451
List the prime factors of 3466081.
61, 56821
List the prime factors of 150085.
5, 13, 2309
What are the prime factors of 500930?
2, 5, 50093
List the prime factors of 291872.
2, 7, 1303
What are the prime factors of 357984?
2, 3, 11, 113
What are the prime factors of 27712596?
2, 3, 109, 21187
List the prime factors of 17081009.
11, 1552819
List the prime factors of 5649596.
2, 1412399
What are the prime factors of 1687572?
2, 3, 46877
List the prime factors of 5687488.
2, 88867
What are the prime factors of 1735126?
2, 867563
List the prime factors of 9470553.
3, 677, 4663
List the prime factors of 395631.
3, 14653
List the prime factors of 119647.
11, 73, 149
List the prime factors of 4935873.
3, 1645291
List the prime factors of 5269462.
2, 11, 239521
What are the prime factors of 188557?
157, 1201
List the prime factors of 4196241.
3, 7, 43, 1549
List the prime factors of 2068515.
3, 5, 43, 1069
What are the prime factors of 313194?
2, 3, 7, 7457
What are the prime factors of 6446973?
3, 13, 53, 3119
List the prime factors of 5768.
2, 7, 103
List the prime factors of 26915614.
2, 11, 1223437
What are the prime factors of 2777175?
3, 5, 12343
What are the prime factors of 544072?
2, 47, 1447
What are the prime factors of 124344?
2, 3, 11, 157
List the prime factors of 3178826.
2, 7, 163, 199
What are the prime factors of 495651?
3, 13, 71, 179
List the prime factors of 49148.
2, 11, 1117
What are the prime factors of 22117878?
2, 3, 719, 1709
What are the prime factors of 189317?
31, 197
What are the prime factors of 5380295?
5, 53, 79, 257
List the prime factors of 568918.
2, 7, 40637
What are the prime factors of 1996873?
853, 2341
List the prime factors of 8956435.
5, 107, 16741
List the prime factors of 77397.
3, 25799
What are the prime factors of 19201877?
139, 138143
What are the prime factors of 509384?
2, 41, 1553
List the prime factors of 158955.
3, 5, 10597
List the prime factors of 11779.
11779
List the prime factors of 6428076.
2, 3, 535673
What are the prime factors of 72689?
72689
List the prime factors of 89253.
3, 47, 211
List the prime factors of 33318160.
2, 5, 416477
What are the prime factors of 3921011?
19, 206369
List the prime factors of 8214186.
2, 3, 4